71 is divided by n.
19
Let r be -8*2*3/12. Calculate the remainder when (-75)/25 - (-40)/5 is divided by 66/15 + r/10.
1
Suppose 0 = -747*s + 749*s - 684. What is the remainder when s is divided by 173?
169
Suppose 0 = -2*d - 4*j + 40, 2*d - 8*j = -3*j - 5. Calculate the remainder when 7 + 91 + -19*1 is divided by d.
9
Let j(r) = -224*r + 1159. Calculate the remainder when 248 is divided by j(5).
14
What is the remainder when 11300/80 + -2*(-1)/(-8) is divided by 58?
25
Let l = -14323 - -14488. What is the remainder when 837 is divided by l?
12
Let r be ((-6 - -10) + 2*-4)*-1. Suppose 6 = m + 7, r*x + 5*m - 575 = 0. Calculate the remainder when x is divided by 25.
20
Let b(a) = -4*a + 14. Let j be b(-3). Let w be j/169 - (0 - (-6537)/(-13)). Suppose w = 4*d + 191. Calculate the remainder when d is divided by 21.
15
Suppose 0*q + 5*b = -3*q + 1191, -1616 = -4*q - 2*b. Calculate the remainder when q is divided by 30.
17
Suppose 0 = 25*o - 18 - 207. Let g = -146 + 185. Calculate the remainder when g is divided by o.
3
Suppose 43*t - 15147 + 120454 = 0. Calculate the remainder when (t/(-5))/1 + 30/25 is divided by 26.
23
Let b be (-25)/(-2)*-2*1. Let t = b + 52. Suppose w = -2*o + 14 + 224, 4*w + 80 = 0. Calculate the remainder when o is divided by t.
21
Suppose 2*k + 712 = -102*z + 105*z, -3*z = -k - 713. Calculate the remainder when z is divided by 1 + (-27)/21 - 2164/(-28).
7
Suppose -4*a + 559 = -m + 4*m, 401 = 2*m - 3*a. What is the remainder when 210 is divided by m?
17
Suppose -3*s + 2*v + 5 = -2*s, -3*v + 9 = 4*s. Suppose 0 = p + 2*b, s*p + 2*p = -5*b + 15. Calculate the remainder when 640/14 + p/21 is divided by 4.
2
Let m = 13593 + -13518. What is the remainder when 664 is divided by m?
64
Suppose 12*q = 14*q - 14. Let k(g) = -2*g + 55. What is the remainder when 142 is divided by k(q)?
19
Let z(n) = n**3 - 5*n**2 - 54*n + 173. Calculate the remainder when 21 is divided by z(9).
10
Suppose d = 3*g - 4*d - 251, 0 = -4*g + 4*d + 332. Suppose 148 = 11*p + g. Calculate the remainder when 19 is divided by p.
1
Let d(m) = -m**3 - 13*m**2 + 5*m - 38. What is the remainder when 30445 is divided by d(-14)?
85
Suppose -2*k + 3*z + 419 = 1033, 3*z - 1228 = 4*k. Let m = k + 333. Calculate the remainder when 491 is divided by m.
23
Suppose 5*j + 4 = -6, 4*w - 62 = -5*j. Let g = -39 + 41. Suppose -g*q + 0*q + 26 = 4*z, -2*z - 31 = -3*q. What is the remainder when w is divided by q?
7
Let t(k) = -3*k + 72. Let y be t(21). Suppose -y*m = -4*m. Suppose 4*w - 10 - 30 = m. Calculate the remainder when w is divided by 3.
1
Suppose 0 = -49*q + 25*q + 2952. Calculate the remainder when q is divided by 29.
7
Suppose -4*d = 4*q - 8, -4*d - 15 = d. Let n(v) = -9*v - 10. Let t be 4/22 - (-408)/(-66). Calculate the remainder when n(t) is divided by q.
4
Suppose 0 = 4*h + 3*l - 31, -60*h + 55*h + 38 = 3*l. Let i(x) = 107*x**3 + x**2 - 1. Calculate the remainder when i(1) is divided by (59 + h)*4/12.
19
Suppose -121 + 4 = -6*m - 15. What is the remainder when 2192 is divided by m?
16
Let m be 3*((-2)/6)/((-7)/(-21)). What is the remainder when 110 is divided by (-204)/9*m/2?
8
Let x(c) = 2*c**2 - 45*c + 103. Calculate the remainder when 1026 is divided by x(0).
99
Suppose -3*v - k - 46 = -130, 5*v - 140 = -2*k. Suppose 0 = l - 2, -2*b + 17*l + v = 14*l. What is the remainder when 63 is divided by b?
12
Let m(u) = -4*u**2 - 88*u - 67. Calculate the remainder when 796 is divided by m(-21).
14
Let v(j) = j**3 - j**2 - 28*j - 7. Let c be v(6). Suppose 0 = -c*g + 15 + 470. What is the remainder when g is divided by 9?
7
Let j = 13 - 21. What is the remainder when ((-18)/j)/((-8)/(-320)) is divided by 453/12 + 33/(-44) - 6?
28
Let f(j) = j**3 - 3*j**2 - 3*j - 2. Let y be f(4). Suppose -2*b + 22 = -2*n - n, y*n = -4. What is the remainder when 20 is divided by (6/b)/((-9)/(-8))*12?
4
Let w be 211/5 + (-4)/20. Suppose w*i - 37*i = 10. Calculate the remainder when 50 is divided by (-1*i)/(20/(-170)).
16
Let v(h) = -h**2 - 10*h - 8. Let q be v(-9). Let u be (3 + q)/(-1*2). Let c(o) = -16*o - 2. Calculate the remainder when c(u) is divided by 17.
13
Let t(s) = -2*s**3 + 135*s**2 - 63*s + 156. Calculate the remainder when t(67) is divided by 118.
70
Let g = -306 - -465. Suppose 29*t - g = -5*h + 30*t, 0 = 3*h - 4*t - 92. What is the remainder when h is divided by 15?
2
Suppose 0 = -4*i - 1 - 15. Suppose -2*d = 3*d - 5*v - 110, -5*v = -4*d + 88. What is the remainder when d is divided by i/((-2)/6*1)?
10
Suppose -41*f = 3*q - 42*f - 937, -947 = -3*q - 4*f. Calculate the remainder when q is divided by 36.
25
Suppose 2 = 11*s - 10*s. Let n be s*9/(-6)*(-6)/6. Suppose 4*t - 8 = 4*a, -2*t + 7 + n = 4*a. What is the remainder when 12 is divided by t?
0
Suppose 55 = -4*w - 21. Let m = 10 - w. Suppose 15*b - 940 = 785. Calculate the remainder when b is divided by m.
28
Suppose 30*q + 6346 = 20056. Suppose -4*u + q = -15. Suppose 4*b + 36 = 172. What is the remainder when u is divided by b?
16
Let s(g) = -g**2 + 4*g + 8. Let r be s(6). Let v = -5 - -14. What is the remainder when (-9)/12*r + 28 is divided by v?
4
Suppose 7*z = -10*z + 255. Suppose -36 - 324 = -z*m. Calculate the remainder when 38 is divided by m.
14
Let k = 1542 + -1396. What is the remainder when k is divided by 51?
44
What is the remainder when 26/(-78) - 4/5*99015/(-9) is divided by 71?
68
Suppose -2*u = 2*u + 3*f - 255, -3*u + 4*f = -185. Suppose -u - 169 = -4*o. Calculate the remainder when o is divided by 10.
8
What is the remainder when (-8*(-18)/(-15) - -9)/((-2)/20) is divided by 2/18 + 88/18?
1
Suppose 6002 = -544*m + 31212 + 20486. Suppose -h + 18 = h. Calculate the remainder when m is divided by h.
3
Let j(c) = c**3 + 4*c**2 - 6*c - 4. Let k be j(-4). Suppose 2*i = -2*i + 180. Calculate the remainder when i is divided by (k/(-25)*-2)/((-1)/(-10)).
13
Suppose -4223 = 46*o - 17655. What is the remainder when o is divided by 80?
52
Calculate the remainder when (-427910)/(-98) - 21 - (-4)/7 is divided by 189.
188
What is the remainder when (1100/(-250))/((-18)/(-15))*(-1 + -170) is divided by 48?
3
Suppose 5*j - 41 = 4*o, -4*o - 31 = -15. Suppose 0*l = -u + 2*l - 7, -j*u + 3*l = 0. What is the remainder when 27 is divided by u?
0
Let g(p) = p**3 + 70*p**2 - 225*p - 248. Calculate the remainder when 365 is divided by g(-73).
175
Let z = -19384 + 19408. What is the remainder when 2049 is divided by z?
9
Suppose 426 + 870 = 54*i. What is the remainder when 278 is divided by i?
14
Suppose 86*c + 338 = 53*c + 46*c. Calculate the remainder when 3066 is divided by c.
24
Suppose 3*j = 4*i + 9, -7 - 8 = -5*j + 4*i. Suppose 84 = j*g + 4*k, g + 5*k + 56 = 3*g. Let t = -22 + g. What is the remainder when 21 is divided by t?
3
Let m = -163 - -570. Let t = m - 250. What is the remainder when t is divided by 32?
29
Let b = 172 - 119. Let h(i) = 7*i**2 - 15*i + 7. Let v be h(4). Let u = v - b. Calculate the remainder when 29 is divided by u.
5
Suppose -3*s + u = -u - 49, 3*s = u + 53. Let j be (-4 + (3 - 2) - 14) + -1. What is the remainder when (-4)/3 - (5 - (-1788)/j) is divided by s?
17
Let m(b) = 16*b**3 - 2*b**2 + 14*b + 2770. Calculate the remainder when m(0) is divided by 198.
196
Suppose 8*z - 120 = -88. Suppose 6*w + 4 = 10*w, z*j - 60 = 4*w. Suppose -188 = -5*i + i. Calculate the remainder when i is divided by j.
15
Let t = -25754 + 27643. What is the remainder when t is divided by 237?
230
Let l = 293 - 289. Let u(a) = 2*a**3 - 8*a**2 + 6*a + 17. What is the remainder when 612 is divided by u(l)?
38
Let c = 85771 + -85760. Suppose -u + 430 = 4*p, 3*u + 227 = 2*p + 5. Calculate the remainder when p is divided by c.
9
Suppose -2*k - 2798 = -4*s, -42*s + 38*s + 2800 = -4*k. Calculate the remainder when s is divided by 77.
6
Suppose 2*h + 6*s - 4*s = 6, 2*h + s = 3. Suppose -3*b + 4*j + 62 - 16 = 0, -4*b - 5*j + 82 = h. Calculate the remainder when 63 is divided by b.
9
Let h be (25/5 + -4)*(-70 + 0). Let m = h - -65. Let y(q) = -4*q + 2. What is the remainder when 64 is divided by y(m)?
20
Suppose 4*i - 5*i + 7 = -m, 16 = 4*i - m. Let o = 9 - -1. Suppose 0 = i*k - o*k + 665. What is the remainder when k is divided by 14?
11
Suppose 48*t + 144 = 56*t. Calculate the remainder when 116 is divided by (27 - 2 - 3)*9/t.
